. Suppose 2*k - l - 27 = 0. What is the tens digit of (-1*18/1)/((-16)/k)?
2
Let b(u) = u**2 - 16*u + 36. Let j be b(11). Let h(p) = p**3 + 18*p**2 - 33*p + 16. What is the hundreds digit of h(j)?
2
Suppose 19*p + 3*p - 45738 = 0. Suppose -6*b + 3*w = -4*b - p, 0 = -5*b - 4*w + 5163. What is the units digit of b?
5
Suppose 0 = d - 0*d + 4*c - 15, -5*d + 5*c + 25 = 0. What is the hundreds digit of 1550/d + (-66)/154?
2
Let w(t) = 113*t + 11415. What is the hundreds digit of w(80)?
4
Suppose -1988 + 408 = -4*l. Suppose -1085 - l = -8*o. What is the units digit of o?
5
Suppose -2*u + y + 16572 = 0, 3*u + 41*y = 44*y + 24849. What is the tens digit of u?
8
Suppose -524*l + 505*l = -1027064. What is the hundreds digit of l?
0
Let i(k) = -k**2 - 8*k - 12. Let a be i(-4). Suppose -3*j - a*b + 258 = -245, 4*j + 2*b - 684 = 0. Let q = j - -88. What is the units digit of q?
1
Let w = -66 + 45. Let i = -20 - w. What is the tens digit of 96/i*26/39?
6
Suppose 0 = -3*h - 786 + 8103. What is the units digit of h?
9
Let b(p) = 16*p**2 - 79*p + 534. What is the thousands digit of b(30)?
2
Let t be (-40)/12*((-24)/10)/2. Suppose 2*b = t*b - 10. Suppose 2 + 23 = b*k. What is the units digit of k?
5
Let c(t) = -65*t + 2. Let u be (1/(-2))/(1/2). Let x be c(u). Suppose -85 - x = -4*m. What is the units digit of m?
8
Let j be (-256)/(-10) - 58/(-145). Suppose -p = -3*f - 16 - 14, 3*f = 0. Suppose -j*w - 112 = -p*w. What is the tens digit of w?
2
Let l(z) = z**3 + 20*z**2 + 21*z + 37. Let h be l(-19). Let g be h - -604 - (-2)/1. Let i = g - 417. What is the tens digit of i?
8
Suppose 7*j - 24216 = -1746 + 46046. What is the thousands digit of j?
9
What is the hundreds digit of 3 - 1 - (80 + -2841) - -7?
7
Suppose 3*a + 234 = a. Let c = 431 - 223. Let z = c + a. What is the tens digit of z?
9
What is the thousands digit of ((-16544)/(-880))/(1/115)?
2
Suppose -369*g - 8364 = -371*g. Let j = g + -2363. What is the units digit of j?
9
What is the tens digit of 3561360/45 - ((56/(-12) - 1) + 4)?
4
Let a(t) = 135*t**2 + 219*t + 250. What is the units digit of a(-20)?
0
Suppose -4*z + 72 = 52, -4*a + 117219 = -5*z. What is the hundreds digit of a?
3
What is the thousands digit of 3/((-18)/(-4)) + 14641/3 + 5?
4
Suppose 0 = 2*z + 5*u + 4917, -14*u - 5 = -9*u. Let r = -1689 - z. What is the hundreds digit of r?
7
Let n(x) = x**2 - 64. Let v be n(26). Let q = v - 284. What is the hundreds digit of q?
3
Suppose 74*o = 78*o + 1732. Let x = -35 - o. What is the tens digit of x?
9
Let u(y) be the third derivative of 31*y**7/2520 - y**5/30 - y**4/24 - 6*y**2. Let c(q) be the second derivative of u(q). What is the tens digit of c(2)?
2
Let y = -19483 - -32729. What is the hundreds digit of y?
2
Suppose -3*p + g = 2*p - 962, -3*p - 5*g = -594. Let t = p - -151. Suppose 2*q - 3*h - t = -0*q, -4*q = -h - 668. What is the hundreds digit of q?
1
Let n(y) = 2*y**3 - 15*y**2 - 26*y + 3. Let c be n(9). Suppose 2*j + c - 34 = 4*l, -2*j - 3*l = -29. What is the tens digit of j?
1
Suppose 43 = 6*k - 41. Suppose -10*y = -k*y + 16. Suppose q + y*v = -3*q + 284, -5*q - 3*v = -359. What is the units digit of q?
3
Suppose 0*v - v = -2*j + 5, -5*v = -2*j + 9. Suppose -g - 2 = 0, -9*r - j*g = -11*r + 974. What is the hundreds digit of r?
4
Let f be 1/((-1)/(-4)*-1). Let d(s) = -s**3 + 25*s**2 - 3*s - 4. What is the tens digit of d(f)?
7
Let a(u) = 12*u**2 + 7*u + 6. Let j be a(-3). Let d be (-1 - 4 - -2)/(3/(-131)). Let f = d + j. What is the tens digit of f?
2
Suppose -4*s - 1 - 3 = 0. Let q be ((7 - 3) + -270)/(-1 + s). Let z = q - 108. What is the tens digit of z?
2
Let b = -28 - -31. Suppose -2*a + 4*z + 356 = 0, -5*a + z + b*z = -920. Let n = a - 100. What is the units digit of n?
8
Let d = 352 - -4289. What is the thousands digit of d?
4
Let z(k) = 3*k**2 + 27*k + 393. What is the tens digit of z(41)?
4
Suppose -d + 2*d + 1862 = r, 5*r - 9300 = -5*d. Suppose 5*s - 2689 = r. Suppose -7*u = -70 - s. What is the units digit of u?
0
Let q(x) = -2*x + 10. Let p be q(5). Suppose -2*o + 5*o - 1608 = p. Suppose -a + 0*l + 3*l = -100, -3*l = -5*a + o. What is the hundreds digit of a?
1
Let j be (-1)/(3*1/(-30)). What is the tens digit of (-7 - 13)/j + 29 + 1?
2
Let i = -29 + 40. Let s(n) = 42*n - 49. What is the hundreds digit of s(i)?
4
Let p = -623 - -3272. What is the hundreds digit of p?
6
Let f(i) be the first derivative of -i**4/2 + 7*i**3 - 5*i**2/2 + 10*i + 106. What is the tens digit of f(10)?
6
Suppose 21386 - 5564 = 27*c. Suppose 57 = -w + c. What is the hundreds digit of w?
5
Let v = 9474 + -1235. What is the units digit of v?
9
What is the tens digit of (-4615083)/(-3564) + 1/12?
9
Suppose -2*z - 2308 = -5*k, 3*z + 1400 = 3*k - 2*z. Suppose w - k - 23 = 0. What is the units digit of w?
3
What is the thousands digit of ((-2)/(-3))/(136/(-714))*1022952/(-49)?
3
Let n(u) = -u**3 + 16*u**2 - 3. Let j be n(16). Let s be ((-14)/(-21))/(j/27). Let f = 7 - s. What is the units digit of f?
3
Let t = -577 - 334. Let w = 2076 + t. What is the hundreds digit of w?
1
Let o be (-2)/1 + -2 + -9. What is the units digit of (o/5)/((-15)/4275)?
1
Let p(f) = -f**2 - 2*f + 6. Let g be p(-3). Suppose g*i + 2*h + 2 = 0, 5 = 2*i - h + 4. Let s(c) = -c**2 - c + 24. What is the tens digit of s(i)?
2
Let g(l) = 7*l - 5. Let y be g(1). Suppose y*i = -3 - 3. What is the tens digit of 2 + 105*(i + 4)?
0
Let c(p) = 9*p**2 - 7*p + 23. Let v(b) = 97*b - 89*b - 8*b**2 - 1 - 22. Let s(w) = -6*c(w) - 7*v(w). What is the tens digit of s(8)?
3
Let h(k) = -2*k**3 - 11*k**2 - 10. Let y = 59 + -39. Suppose 2*p - 6 = 0, 3*c - 4*p = -10 - y. What is the tens digit of h(c)?
2
Let q(s) = s**3 + 9*s**2 + 18*s + 17. Let o be q(-7). Let c = 569 - o. What is the tens digit of c?
8
Suppose 2*i = 3*t - 4, -11 + 3 = -2*i. What is the units digit of ((-157)/2)/(t/(-8))?
7
Let r = -108928 - -156795. What is the units digit of r?
7
Let t be (-4 - -4)/(2/2). Suppose 3*u = -t*u + 45. Let l(m) = -m**3 + 15*m**2 + 3*m + 20. What is the tens digit of l(u)?
6
Suppose -j + 22449 = -4*x, j - 2*x = 14871 + 7574. What is the tens digit of j?
4
Suppose r - 27 - 43 = 0. Let z be 1738/(-14) + 10/r. Let o = z - -220. What is the units digit of o?
6
Let p = 44 - 44. Suppose p = -3*x - 3*t + 93, -6*x + 2*x = 2*t - 130. Suppose -75 = -a - x. What is the tens digit of a?
4
Let d(v) = 8*v**3 + 3*v - 2. Let f be d(1). Suppose 47 = -7*x - f. What is the units digit of (30/24)/((-2)/x + 0)?
5
Let s be ((-3)/(-2))/(-1)*(-86)/3. Suppose 0 = -40*o + s*o - 5*m - 2271, m = -o + 749. What is the hundreds digit of o?
7
Let c = -13 - -25. Let s be ((c/(-4))/3)/1. What is the units digit of 1 - (24/s + 2)?
3
Let l = -74 - -73. Let c be 4 + l + 139 + 1. Suppose 73 + c = 4*q. What is the tens digit of q?
5
Let t(o) = o**3 - 5*o + 4. Let p be t(-3). Let f(v) = -5*v - 28. Let q be f(p). Suppose -n + q = -5. What is the tens digit of n?
1
Suppose -4*v + 6*m - 2*m = -360, 94 = v + m. Let y(n) = n**2 + 20*n - 35. Let z be y(-21). Let i = z + v. What is the units digit of i?
8
Let o(m) = -7*m**3 - 17*m**2 - 7*m + 5. What is the hundreds digit of o(-4)?
2
Let p = -26599 + 56054. What is the units digit of p?
5
What is the thousands digit of ((-186672)/84)/(-4*8/112)?
7
Let k(u) = 190*u. Let i = -23 + 24. Let t be k(i). Suppose 3*s - 68 - t = 0. What is the units digit of s?
6
Suppose -2*f + 55554 = -4*p, 5*f = -p + 53875 + 84955. What is the ten thousands digit of f?
2
Let b = -9795 - -22402. What is the tens digit of b?
0
Let i be (1 + -15)/(4/(-22)) - 0. Suppose 3*p + x = 109, 5*p - 3*p + 5*x = i. Suppose 0 = m - 4*m + p. What is the units digit of m?
2
Let b(w) = 10*w - 90. Let j(a) = 10*a - 40. Let g be j(7). What is the units digit of b(g)?
0
Let k = 43417 - 30975. What is the tens digit of k?
4
Let u = -22 + 11. Let o be u - -13 - (67 - -1). Let s = 145 + o. What is the tens digit of s?
7
Let q be 28/(-77)*(-22)/4. Suppose 0*m + q*v = -m + 299, -m + 298 = 3*v. What is the units digit of m?
1
Let z(g) = -1323*g - 133. Let t be z(-9). Suppose -23*j + t + 16240 = 0. What is the thousands digit of j?
1
Suppose -4*p + 592 = 4*u, 457 = 5*p - u - 295. What is the units digit of 14062/8 - p/(-120)?
9
Let o = 64 - -98. Suppose -5*u = -8*u + o. Suppose 0 = -7*s + 583 + u. What i